er when 55 is divided by q - 1 - (3 - 1).
17
Let f(o) = 83*o**2 - 2*o - 3. Let m be f(-2). Suppose 0 = 4*p - 2*z - 344, -z + 76 = -3*p + m. What is the remainder when p is divided by 29?
27
Suppose 4*g - 1 = 5*b, b - 5*g = -g - 13. Let l be (5 - 2) + (-3)/1. Let v = l + b. Calculate the remainder when 4 is divided by v.
1
Let w be (1734/4)/(5/10). Let i = w + -282. Calculate the remainder when i/11 + 4/(-22) is divided by 18.
17
Let s = 6 - 11. Let x = s - -16. What is the remainder when 32 is divided by x?
10
Let m be (-4)/6*90/(-12). Suppose -m*r + 187 = 2*x, r + 4*x = 2 + 39. What is the remainder when r is divided by 13?
11
Let v(p) = p**3 - 6*p**2 - 12*p + 8. Let i be v(8). Suppose -r = -6*g + g, -3*r = 5*g - i. Calculate the remainder when 27 is divided by ((-12)/(-4))/(3/r).
7
Let w(x) = -x**3 + 17*x**2 - 15*x - 3. Let a(z) = -37*z**3. What is the remainder when a(-1) is divided by w(16)?
11
Let f be ((-6)/(-21))/(2/14). Suppose -b + 5*m + 39 = 0, -f*b = 5*m - m - 8. What is the remainder when b is divided by 5?
4
Let j = -43 + 67. Calculate the remainder when 46 is divided by j.
22
Let y be (-1)/(-4) + (-327)/12. Suppose -a = 5*x + 4*a - 220, -5*x + 3*a = -236. Let f = x + y. What is the remainder when 37 is divided by f?
18
Let h(q) = q**3 - 8*q**2 - 2*q - 3. Calculate the remainder when h(9) is divided by 7.
4
Suppose -132 - 72 = -4*m + l, 4*m + 4*l - 204 = 0. Suppose 0 = -o - 5*f + 7, f = -3*o - 4*f + m. What is the remainder when o is divided by 6?
4
Let t(l) = -6*l + 3. Let p be t(2). Let k(j) = -2*j - 6. What is the remainder when 21 is divided by k(p)?
9
Let l = -54 + 130. Suppose -13 - 7 = -5*a. Suppose 5*k = -7*h + 2*h + 50, -a*k + 5*h = -l. Calculate the remainder when k is divided by 8.
6
Let a = 41 - 16. Calculate the remainder when a is divided by 10.
5
Suppose 63 - 3 = 5*g - 2*i, 0 = 5*g + 3*i - 35. Calculate the remainder when g is divided by 4.
2
Let z = -36 - -63. Calculate the remainder when z is divided by 6.
3
Let t = -12 - -22. Suppose t = 2*n - 6. What is the remainder when 22 is divided by n?
6
Let a = 14 - 13. What is the remainder when 2 is divided by a?
0
Suppose -j + 3*j + 8 = 0, 2*j - 20 = -4*u. Let p = 11 + -8. Calculate the remainder when u is divided by p.
1
Suppose -17 = -4*m + 47. Let p be 2/6 + 76/(-12). What is the remainder when 94/3 - (-2)/p is divided by m?
15
Suppose 7*i - 18 = 6*i. Calculate the remainder when 52 is divided by i.
16
Suppose -n - 30 = 4*n. Let c(p) = p**3 + 7*p**2 + 3*p - 7. Suppose 0 = -4*x + 12 + 4. What is the remainder when c(n) is divided by x?
3
Let r(a) = 2 - a - 7 + 5 - 3. Calculate the remainder when 15 is divided by r(-11).
7
Suppose -2*x - 12 = -5*x. Suppose 0 = 3*p + x + 2. What is the remainder when (p/4)/((-3)/78) is divided by 7?
6
Let z(s) = s**2 + 3*s - 4. Let t be z(-3). Calculate the remainder when 52 is divided by t/6 + 56/3.
16
Let i(s) be the third derivative of -s**5/60 + s**3/6 - s**2. Let w be i(-1). Let r(a) = a**2 + 20. Calculate the remainder when r(w) is divided by 11.
9
Let g(p) = -13*p - 3. Let n be g(-7). Suppose -3*l = 5*w + 2*l - 70, 0 = -5*w + l + n. Calculate the remainder when 33 is divided by w.
16
Let q(j) = -j**3 + 4*j**2 + 5*j + 7. Suppose 4 + 11 = 3*o. Let k be q(o). Suppose 2*p = k*p - 60. Calculate the remainder when 34 is divided by p.
10
Suppose 22*z = 25*z - 69. What is the remainder when z is divided by 7?
2
Let q(p) = 8*p + 6. What is the remainder when q(9) is divided by 27?
24
Suppose u - 5*u + 40 = 0. What is the remainder when u is divided by 3?
1
Suppose 0 = 2*i + 2, 0*a + i + 43 = 3*a. Suppose -k + 3 = -a. What is the remainder when k is divided by 6?
5
What is the remainder when 47 - 0*(-4)/20 is divided by 17?
13
Let j(u) = u**3 - 6*u**2 + 2*u + 3. What is the remainder when 43 is divided by j(6)?
13
Suppose 3*q + 0*m - 3*m - 87 = 0, -3*q + 4*m = -85. What is the remainder when 61 is divided by q?
30
Let g = -9 - -13. Let q = g + -4. Suppose q = 3*h - 3. What is the remainder when 1 is divided by h?
0
Let c(s) = 3*s + 9. What is the remainder when c(10) is divided by 14?
11
Suppose 2*j + 4 = 0, -4*r = -0*j - 2*j - 180. What is the remainder when r is divided by 23?
21
Suppose -3*j - 105 = -8*j. Let r(i) = 7 - 10 + i + 8. What is the remainder when j is divided by r(6)?
10
Let x = 15 - 1. What is the remainder when 2*(-27)/(-2) - 1 is divided by x?
12
Suppose b - 153 = -8*b. What is the remainder when 32 is divided by b?
15
Let n be 1/5 - (-30)/(-25). Calculate the remainder when (-15)/((108/(-8))/9) is divided by 9/(n - (-15)/6).
4
Let s = -118 - -123. What is the remainder when 9 is divided by s?
4
Suppose 0 = -a + 18. Let w = 77 - 25. Calculate the remainder when w is divided by a.
16
What is the remainder when 2 + (-2*110/(-4) - 1) is divided by 15?
11
Let n = -4 + 2. Let i = -12 + n. What is the remainder when 16 is divided by -7*(-1 + (-2)/i)?
4
Let v(k) = -12*k + 6. Suppose 4*n - 5*s = -12 - 18, 4*n + 12 = -4*s. Calculate the remainder when v(n) is divided by 17.
15
Let o be 2/(-10) + 42/(-15). Suppose -v - v + 8 = 0. Calculate the remainder when 38/v - o/(-2) is divided by 5.
3
Suppose -4*q + 177 = -5*g, -3*q + 104 = 3*g - g. What is the remainder when q is divided by 8?
6
Let i = -23 - -97. Calculate the remainder when i is divided by 20.
14
Suppose -2*c + 5*o + 9 = 0, 8*o = -3*c + 3*o + 26. What is the remainder when (-5 + c)/(2/25) is divided by 14?
11
Suppose 12 = 5*h + 3*a - 10, 4*a - 16 = 0. Suppose h*f = -5*u - 3, 15 = -u - 8*f + 4*f. Calculate the remainder when 2 is divided by u.
0
Let j(l) = 39*l**2 - 3*l + 2. Calculate the remainder when j(1) is divided by 8.
6
Suppose z = -3*n + 72, -z + 31 = 4*n - 42. Suppose -2*j = j - z. Calculate the remainder when 1*(2 - 2) + j is divided by 12.
11
Suppose 5*q - d = -2 + 25, 5*d + 15 = 0. Suppose q*l - 2*b - 156 = 0, 2*b - 177 = -4*l - 37. Calculate the remainder when l is divided by 20.
17
Let m be (-6)/(-2)*(-4)/3. Let y = 8 + m. Suppose y*j + j - 24 = -2*l, -2*l = 3*j - 20. What is the remainder when 12 is divided by l?
5
Suppose 0 = 4*h + 3 - 43. Let n(l) = 4*l - 5 - 6*l - l**2 + 2*l**2. What is the remainder when n(6) is divided by h?
9
Let q(n) = -n**3 + 11. Let b = -54 - -143. Suppose 3*s = 4*m + 47, 6*m - 2*m = 5*s - b. Calculate the remainder when s is divided by q(0).
10
Calculate the remainder when 6/21 - (-2055)/35 is divided by 30.
29
Calculate the remainder when 16 is divided by (0 + 4)/((-4)/12 - -1).
4
Suppose 0 = 2*z - 4*f - 64, -3*f + 0*f = 4*z - 117. What is the remainder when 112 is divided by z?
22
Suppose 1 = -3*t + 70. Let l = 3 + -3. Let u = 8 - l. Calculate the remainder when t is divided by u.
7
Let s = 396 + -272. Let a = s + -72. Calculate the remainder when a is divided by 18.
16
Suppose 1 = 2*w - 29. Let u be ((-6)/(-4))/(w/50). Suppose -4*q - 8 = -u*q. What is the remainder when 22 is divided by q?
6
What is the remainder when 42 is divided by 12/15*(-385)/(-14)?
20
Suppose -z - 22 = -3*z. Suppose 155 = -q + 6*q. Calculate the remainder when q is divided by z.
9
Let s = -14 - -33. Let m = -11 + s. What is the remainder when ((-7)/3)/(2/(-12)) is divided by m?
6
Let j(x) = -x - 2. Let a be j(-5). Suppose 2*i - 33 = a*f - 9, 3*i - 41 = 2*f. Suppose 5*v = 11 + 204. What is the remainder when v is divided by i?
13
Suppose 4*m = 5*h + 1, -11 = 2*m - 7*m + 3*h. Suppose -3*g - 174 = c, 3*g + g - m*c = -216. Let l = g - -88. Calculate the remainder when l is divided by 11.
9
Let g = 196 - 118. Calculate the remainder when g is divided by 27.
24
Let c = 33 + -20. Suppose -2*v = -2*i + v - 11, 0 = -3*i + 5*v - 18. What is the remainder when 115/3 + i/3 is divided by c?
12
Let f = 8 - 6. Suppose -f*v = 3*v - 15. Suppose v*c - c = 50. Calculate the remainder when c is divided by 9.
7
Suppose 3*w + w = 40. Suppose 5*j = -5*h + 20, -3*h + j = -2*j. Suppose 78 = 4*a - h*a. Calculate the remainder when a is divided by w.
9
Let s = 5 - 0. Suppose s*p = 5 + 70. Let x = -58 + 85. Calculate the remainder when x is divided by p.
12
Let b(s) = s**2 - s - 40. What is the remainder when (-1 + 130)*2/6 is divided by b(-7)?
11
Let v = -66 - -120. Calculate the remainder when v is divided by 11.
10
Let b(p) = -p - 7. Let g be b(-10). Suppose -88 = -m - g*m. C